{"id":81,"date":"2023-11-28T09:23:45","date_gmt":"2023-11-28T09:23:45","guid":{"rendered":"https:\/\/lavendiera.com\/?page_id=81"},"modified":"2024-01-13T05:53:56","modified_gmt":"2024-01-13T05:53:56","slug":"shipping-return-policy","status":"publish","type":"page","link":"https:\/\/lavendiera.com\/index.php\/shipping-return-policy\/","title":{"rendered":"Shipping &#038; Return Policy"},"content":{"rendered":"\t<section class=\"section\" id=\"section_1823597162\">\n\t\t<div class=\"bg section-bg fill bg-fill  \" >\n\n\t\t\t\n\t\t\t\n\t\t\t\n\n\t\t<\/div>\n\n\t\t\n\n\t\t<div class=\"section-content relative\">\n\t\t\t\n\t\t<\/div>\n\n\t\t\n<style>\n#section_1823597162 {\n  padding-top: 30px;\n  padding-bottom: 30px;\n  min-height: 250px;\n}\n#section_1823597162 .section-bg.bg-loaded {\n  background-image: url(https:\/\/lavendiera.com\/wp-content\/uploads\/2024\/01\/chinh-sach-van-chuyen.jpg);\n}\n#section_1823597162 .section-bg {\n  background-position: 59% 90%;\n}\n@media (min-width:550px) {\n  #section_1823597162 {\n    min-height: 450px;\n  }\n}\n<\/style>\n\t<\/section>\n\t\n\t<section class=\"section\" id=\"section_720445849\">\n\t\t<div class=\"bg section-bg fill bg-fill  bg-loaded\" >\n\n\t\t\t\n\t\t\t\n\t\t\t\n\n\t\t<\/div>\n\n\t\t\n\n\t\t<div class=\"section-content relative\">\n\t\t\t\n\t<div id=\"gap-1149095030\" class=\"gap-element clearfix\" style=\"display:block; height:auto;\">\n\t\t\n<style>\n#gap-1149095030 {\n  padding-top: 20px;\n}\n@media (min-width:550px) {\n  #gap-1149095030 {\n    padding-top: 40px;\n  }\n}\n<\/style>\n\t<\/div>\n\t\n<div class=\"row\"  id=\"row-1594012909\">\n\n\t<div id=\"col-587441520\" class=\"col medium-4 small-12 large-3\"  >\n\t\t\t\t<div class=\"col-inner\"  >\n\t\t\t\n\t\t\t\n\t<div id=\"gap-219118269\" class=\"gap-element clearfix hide-for-medium\" style=\"display:block; height:auto;\">\n\t\t\n<style>\n#gap-219118269 {\n  padding-top: 10px;\n}\n<\/style>\n\t<\/div>\n\t\n<a class=\"button success is-link\"  >\n    <span>ch\u00ednh s\u00e1ch v\u1eadn chuy\u1ec3n<\/span>\n  <i class=\"icon-angle-right\" aria-hidden=\"true\" ><\/i><\/a>\n\n\t\t<\/div>\n\t\t\t\t\n<style>\n#col-587441520 > .col-inner {\n  margin: 0px 0px -20px 0px;\n}\n<\/style>\n\t<\/div>\n\n\t\n\n\t<div id=\"col-1754441874\" class=\"col medium-8 small-12 large-9\"  >\n\t\t\t\t<div class=\"col-inner\"  >\n\t\t\t\n\t\t\t\n<p><strong>Ch\u00ednh S\u00e1ch V\u1eadn Chuy\u1ec3n: \u0110\u01a1n Gi\u1ea3n, Ti\u1ec7n L\u1ee3i v\u00e0 An To\u00e0n<\/strong><\/p>\n<p>Ch\u00e0o m\u1eebng b\u1ea1n \u0111\u1ebfn v\u1edbi Lavendiera &#8211; n\u01a1i mang \u0111\u1ebfn cho b\u1ea1n nh\u1eefng gi\u1ea3i ph\u00e1p hi\u1ec7u qu\u1ea3 nh\u1ea5t trong vi\u1ec7c h\u00fat \u0111\u1ed3 \u0103n d\u1ecb v\u1eadt \u0111\u01b0\u1eddng th\u1edf. \u0110\u1ec3 \u0111\u1ea3m b\u1ea3o r\u1eb1ng b\u1ea1n nh\u1eadn \u0111\u01b0\u1ee3c s\u1ea3n ph\u1ea9m m\u1ed9t c\u00e1ch nhanh ch\u00f3ng v\u00e0 an to\u00e0n nh\u1ea5t, ch\u00fang t\u00f4i \u0111\u00e3 thi\u1ebft l\u1eadp Ch\u00ednh S\u00e1ch V\u1eadn Chuy\u1ec3n \u0111\u1eb7c bi\u1ec7t, gi\u00fap b\u1ea1n c\u00f3 tr\u1ea3i nghi\u1ec7m mua s\u1eafm thu\u1eadn l\u1ee3i.<\/p>\n<p><strong>1. Ph\u00ed V\u1eadn Chuy\u1ec3n<\/strong><\/p>\n<p>Ch\u00fang t\u00f4i \u00e1p d\u1ee5ng m\u1ed9t m\u1ee9c ph\u00ed v\u1eadn chuy\u1ec3n c\u1ed1 \u0111\u1ecbnh cho m\u1ed7i \u0111\u01a1n h\u00e0ng. \u0110i\u1ec1u n\u00e0y gi\u00fap ch\u00fang t\u00f4i b\u1ea3o \u0111\u1ea3m r\u1eb1ng d\u1ecbch v\u1ee5 v\u1eadn chuy\u1ec3n c\u1ee7a ch\u00fang t\u00f4i lu\u00f4n duy tr\u00ec ch\u1ea5t l\u01b0\u1ee3ng cao v\u00e0 \u0111\u1ea3m b\u1ea3o \u0111\u1ed3ng \u0111\u1ed9i v\u1eadn chuy\u1ec3n nh\u1eadn \u0111\u01b0\u1ee3c \u0111\u1ed9ng vi\u00ean x\u1ee9ng \u0111\u00e1ng.<\/p>\n<p><strong>2. Th\u1eddi Gian V\u1eadn Chuy\u1ec3n: 2-7 Ng\u00e0y<\/strong><\/p>\n<p>Th\u1eddi gian v\u1eadn chuy\u1ec3n t\u1eeb khi \u0111\u1eb7t h\u00e0ng \u0111\u1ebfn khi b\u1ea1n nh\u1eadn \u0111\u01b0\u1ee3c s\u1ea3n ph\u1ea9m d\u1ef1a v\u00e0o \u0111\u1ecba ch\u1ec9 giao h\u00e0ng v\u00e0 \u0111i\u1ec1u ki\u1ec7n \u0111\u1ecba ph\u01b0\u01a1ng. Ch\u00fang t\u00f4i cam k\u1ebft cung c\u1ea5p m\u1ed9t d\u1ecbch v\u1ee5 v\u1eadn chuy\u1ec3n nhanh ch\u00f3ng v\u00e0 \u0111\u00e1ng tin c\u1eady, v\u1edbi th\u1eddi gian v\u1eadn chuy\u1ec3n d\u1ef1 ki\u1ebfn trong kho\u1ea3ng 2-7 ng\u00e0y l\u00e0m vi\u1ec7c.<\/p>\n<p><strong>3. H\u1ec7 Th\u1ed1ng Theo D\u00f5i \u0110\u01a1n H\u00e0ng<\/strong><\/p>\n<p>\u0110\u1ec3 \u0111\u1ea3m b\u1ea3o r\u1eb1ng b\u1ea1n c\u00f3 th\u1ec3 theo d\u00f5i m\u1ecdi b\u01b0\u1edbc ti\u1ebfn c\u1ee7a \u0111\u01a1n h\u00e0ng c\u1ee7a m\u00ecnh, ch\u00fang t\u00f4i cung c\u1ea5p m\u1ed9t h\u1ec7 th\u1ed1ng theo d\u00f5i \u0111\u01a1n h\u00e0ng tr\u1ef1c tuy\u1ebfn. B\u1ea1n c\u00f3 th\u1ec3 d\u1ec5 d\u00e0ng ki\u1ec3m tra t\u00ecnh tr\u1ea1ng c\u1ee7a \u0111\u01a1n h\u00e0ng v\u00e0 bi\u1ebft \u0111\u01b0\u1ee3c khi n\u00e0o s\u1ea3n ph\u1ea9m s\u1ebd \u0111\u01b0\u1ee3c giao \u0111\u1ebfn tay b\u1ea1n.<\/p>\n<p><strong>4. \u0110\u00f3ng G\u00f3i An To\u00e0n v\u00e0 Ch\u1eafc Ch\u1eafn<\/strong><\/p>\n<p>Ch\u00fang t\u00f4i \u0111\u1eb7c bi\u1ec7t ch\u00fa tr\u1ecdng v\u00e0o vi\u1ec7c \u0111\u00f3ng g\u00f3i s\u1ea3n ph\u1ea9m sao cho an to\u00e0n v\u00e0 ch\u1eafc ch\u1eafn nh\u1ea5t c\u00f3 th\u1ec3. B\u1ea1n c\u00f3 th\u1ec3 y\u00ean t\u00e2m r\u1eb1ng s\u1ea3n ph\u1ea9m c\u1ee7a m\u00ecnh s\u1ebd \u0111\u1ebfn v\u1edbi tay b\u1ea1n m\u00e0 kh\u00f4ng b\u1ecb h\u01b0 h\u1ea1i trong qu\u00e1 tr\u00ecnh v\u1eadn chuy\u1ec3n.<\/p>\n<p><strong>5. Ch\u00ednh S\u00e1ch Ho\u00e0n Tr\u1ea3 v\u00e0 Ho\u00e0n Ti\u1ec1n<\/strong><\/p>\n<p>Trong tr\u01b0\u1eddng h\u1ee3p s\u1ea3n ph\u1ea9m b\u1ecb h\u1ecfng ho\u1eb7c kh\u00f4ng \u0111\u00e1p \u1ee9ng \u0111\u00fang nh\u01b0 mong \u0111\u1ee3i, ch\u00fang t\u00f4i c\u00f3 ch\u00ednh s\u00e1ch ho\u00e0n tr\u1ea3 v\u00e0 ho\u00e0n ti\u1ec1n linh ho\u1ea1t. Vui l\u00f2ng ki\u1ec3m tra Ch\u00ednh S\u00e1ch \u0110\u1ed5i Tr\u1ea3 c\u1ee7a ch\u00fang t\u00f4i \u0111\u1ec3 bi\u1ebft th\u00eam th\u00f4ng tin chi ti\u1ebft.<\/p>\n<p>Ch\u00fang t\u00f4i tin r\u1eb1ng Ch\u00ednh S\u00e1ch V\u1eadn Chuy\u1ec3n c\u1ee7a ch\u00fang t\u00f4i s\u1ebd gi\u00fap b\u1ea1n c\u00f3 tr\u1ea3i nghi\u1ec7m mua s\u1eafm tr\u1ef1c tuy\u1ebfn tuy\u1ec7t v\u1eddi nh\u1ea5t. N\u1ebfu b\u1ea1n c\u00f3 b\u1ea5t k\u1ef3 c\u00e2u h\u1ecfi n\u00e0o ho\u1eb7c c\u1ea7n h\u1ed7 tr\u1ee3, \u0111\u1eebng ng\u1ea7n ng\u1ea1i li\u00ean h\u1ec7 v\u1edbi \u0111\u1ed9i ng\u0169 ch\u0103m s\u00f3c kh\u00e1ch h\u00e0ng c\u1ee7a ch\u00fang t\u00f4i. C\u1ea3m \u01a1n b\u1ea1n \u0111\u00e3 ch\u1ecdn Lavendiera &#8211; n\u01a1i \u0111\u1ed3ng h\u00e0nh \u0111\u00e1ng tin c\u1eady cho s\u1ee9c kh\u1ecfe c\u1ee7a b\u1ea1n!<\/p>\n\t\t<\/div>\n\t\t\t\t\t<\/div>\n\n\t\n<\/div>\n\t\t<\/div>\n\n\t\t\n<style>\n#section_720445849 {\n  padding-top: 30px;\n  padding-bottom: 30px;\n}\n<\/style>\n\t<\/section>\n\t\n","protected":false},"excerpt":{"rendered":"","protected":false},"author":1,"featured_media":0,"parent":0,"menu_order":0,"comment_status":"closed","ping_status":"closed","template":"","meta":{"om_disable_all_campaigns":false,"_monsterinsights_skip_tracking":false,"_monsterinsights_sitenote_active":false,"_monsterinsights_sitenote_note":"","_monsterinsights_sitenote_category":0,"_uf_show_specific_survey":0,"_uf_disable_surveys":false,"footnotes":""},"class_list":["post-81","page","type-page","status-publish","hentry"],"aioseo_notices":[],"jetpack_sharing_enabled":true,"_links":{"self":[{"href":"https:\/\/lavendiera.com\/index.php\/wp-json\/wp\/v2\/pages\/81","targetHints":{"allow":["GET"]}}],"collection":[{"href":"https:\/\/lavendiera.com\/index.php\/wp-json\/wp\/v2\/pages"}],"about":[{"href":"https:\/\/lavendiera.com\/index.php\/wp-json\/wp\/v2\/types\/page"}],"author":[{"embeddable":true,"href":"https:\/\/lavendiera.com\/index.php\/wp-json\/wp\/v2\/users\/1"}],"replies":[{"embeddable":true,"href":"https:\/\/lavendiera.com\/index.php\/wp-json\/wp\/v2\/comments?post=81"}],"version-history":[{"count":5,"href":"https:\/\/lavendiera.com\/index.php\/wp-json\/wp\/v2\/pages\/81\/revisions"}],"predecessor-version":[{"id":1423,"href":"https:\/\/lavendiera.com\/index.php\/wp-json\/wp\/v2\/pages\/81\/revisions\/1423"}],"wp:attachment":[{"href":"https:\/\/lavendiera.com\/index.php\/wp-json\/wp\/v2\/media?parent=81"}],"curies":[{"name":"wp","href":"https:\/\/api.w.org\/{rel}","templated":true}]}}