{"id":85,"date":"2023-11-28T09:27:30","date_gmt":"2023-11-28T09:27:30","guid":{"rendered":"https:\/\/lavendiera.com\/?page_id=85"},"modified":"2024-01-13T06:06:09","modified_gmt":"2024-01-13T06:06:09","slug":"terms-and-conditions","status":"publish","type":"page","link":"https:\/\/lavendiera.com\/index.php\/terms-and-conditions\/","title":{"rendered":"D\u1ecbch V\u1ee5 \u0110i\u1ec1u Kho\u1ea3n"},"content":{"rendered":"\t<section class=\"section\" id=\"section_191325332\">\n\t\t<div class=\"bg section-bg fill bg-fill  bg-loaded\" >\n\n\t\t\t\n\t\t\t\n\t\t\t\n\n\t\t<\/div>\n\n\t\t\n\n\t\t<div class=\"section-content relative\">\n\t\t\t\n<div class=\"row\"  id=\"row-1321552263\">\n\n\t<div id=\"col-384020292\" class=\"col medium-4 small-12 large-2\"  >\n\t\t\t\t<div class=\"col-inner\"  >\n\t\t\t\n\t\t\t\n\t<div id=\"gap-1089874677\" class=\"gap-element clearfix hide-for-medium\" style=\"display:block; height:auto;\">\n\t\t\n<style>\n#gap-1089874677 {\n  padding-top: 10px;\n}\n<\/style>\n\t<\/div>\n\t\n<a class=\"button success is-link\"  >\n    <span>\u0111i\u1ec1u kho\u1ea3n d\u1ecbch v\u1ee5<\/span>\n  <i class=\"icon-angle-right\" aria-hidden=\"true\" ><\/i><\/a>\n\n\t\t<\/div>\n\t\t\t\t\n<style>\n#col-384020292 > .col-inner {\n  margin: 0px 0px -20px 0px;\n}\n<\/style>\n\t<\/div>\n\n\t\n\n\t<div id=\"col-293258699\" class=\"col medium-8 small-12 large-8\"  >\n\t\t\t\t<div class=\"col-inner\"  >\n\t\t\t\n\t\t\t\n<p><span style=\"color: #282828;\">Ch\u00e0o m\u1eebng b\u1ea1n \u0111\u1ebfn v\u1edbi trang web c\u1ee7a ch\u00fang t\u00f4i! Tr\u01b0\u1edbc khi b\u1ea1n b\u1eaft \u0111\u1ea7u s\u1eed d\u1ee5ng c\u00e1c d\u1ecbch v\u1ee5 c\u1ee7a ch\u00fang t\u00f4i, h\u00e3y \u0111\u1ecdc k\u1ef9 v\u00e0 hi\u1ec3u r\u00f5 c\u00e1c \u0111i\u1ec1u kho\u1ea3n d\u01b0\u1edbi \u0111\u00e2y. \u0110i\u1ec1u n\u00e0y quan tr\u1ecdng \u0111\u1ec3 \u0111\u1ea3m b\u1ea3o r\u1eb1ng b\u1ea1n v\u00e0 ch\u00fang t\u00f4i \u0111\u1ec1u hi\u1ec3u r\u00f5 v\u00e0 \u0111\u1ed3ng thu\u1eadn v\u1edbi c\u00e1c \u0111i\u1ec1u ki\u1ec7n s\u1eed d\u1ee5ng.<\/span><\/p>\n<p><span style=\"color: #282828;\"><strong>1. Ch\u1ea5p Nh\u1eadn \u0110i\u1ec1u Kho\u1ea3n<\/strong><\/span><\/p>\n<p><span style=\"color: #282828;\">B\u1eb1ng c\u00e1ch truy c\u1eadp v\u00e0 s\u1eed d\u1ee5ng trang web c\u1ee7a ch\u00fang t\u00f4i, b\u1ea1n \u0111\u1ed3ng \u00fd v\u1edbi t\u1ea5t c\u1ea3 c\u00e1c \u0111i\u1ec1u kho\u1ea3n v\u00e0 \u0111i\u1ec1u ki\u1ec7n trong t\u00e0i li\u1ec7u n\u00e0y. N\u1ebfu b\u1ea1n kh\u00f4ng \u0111\u1ed3ng \u00fd v\u1edbi b\u1ea5t k\u1ef3 \u0111i\u1ec1u kho\u1ea3n n\u00e0o, h\u00e3y ng\u01b0ng vi\u1ec7c s\u1eed d\u1ee5ng ngay l\u1eadp t\u1ee9c.<\/span><\/p>\n<p><span style=\"color: #282828;\"><strong>2. D\u1ecbch V\u1ee5 Cung C\u1ea5p<\/strong><\/span><\/p>\n<p><span style=\"color: #282828;\">Ch\u00fang t\u00f4i cung c\u1ea5p m\u1ed9t n\u1ec1n t\u1ea3ng tr\u1ef1c tuy\u1ebfn \u0111\u1ec3 mua b\u00e1n c\u00e1c thi\u1ebft b\u1ecb h\u00fat \u0111\u1ed3 \u0103n d\u1ecb v\u1eadt \u0111\u01b0\u1eddng th\u1edf. C\u00e1c s\u1ea3n ph\u1ea9m \u0111\u01b0\u1ee3c hi\u1ec3n th\u1ecb tr\u00ean trang web ch\u1ec9 mang t\u00ednh ch\u1ea5t tham kh\u1ea3o v\u00e0 c\u00f3 th\u1ec3 thay \u0111\u1ed5i m\u00e0 kh\u00f4ng c\u1ea7n th\u00f4ng b\u00e1o tr\u01b0\u1edbc.<\/span><\/p>\n<p><span style=\"color: #282828;\"><strong>3. Quy\u1ec1n S\u1edf H\u1eefu Tr\u00ed Tu\u1ec7<\/strong><\/span><\/p>\n<p><span style=\"color: #282828;\">M\u1ecdi quy\u1ec1n s\u1edf h\u1eefu tr\u00ed tu\u1ec7 li\u00ean quan \u0111\u1ebfn n\u1ed9i dung v\u00e0 thi\u1ebft k\u1ebf c\u1ee7a trang web n\u00e0y thu\u1ed9c quy\u1ec1n s\u1edf h\u1eefu c\u1ee7a ch\u00fang t\u00f4i ho\u1eb7c c\u00e1c b\u00ean c\u1ea5p ph\u00e9p. B\u1ea1n cam k\u1ebft kh\u00f4ng sao ch\u00e9p, s\u1eeda \u0111\u1ed5i ho\u1eb7c s\u1eed d\u1ee5ng b\u1ea5t k\u1ef3 th\u00f4ng tin n\u00e0o t\u1eeb trang web m\u00e0 kh\u00f4ng c\u00f3 s\u1ef1 cho ph\u00e9p c\u1ee7a ch\u00fang t\u00f4i.<\/span><\/p>\n<p><span style=\"color: #282828;\"><strong>4. Quy \u0111\u1ecbnh V\u1ec1 B\u1ea3o M\u1eadt<\/strong><\/span><\/p>\n<p><span style=\"color: #282828;\">Ch\u00fang t\u00f4i cam k\u1ebft b\u1ea3o v\u1ec7 th\u00f4ng tin c\u00e1 nh\u00e2n c\u1ee7a b\u1ea1n theo c\u00e1c quy \u0111\u1ecbnh v\u1ec1 b\u1ea3o m\u1eadt hi\u1ec7n h\u00e0nh. Th\u00f4ng tin c\u00e1 nh\u00e2n c\u1ee7a b\u1ea1n s\u1ebd ch\u1ec9 \u0111\u01b0\u1ee3c s\u1eed d\u1ee5ng \u0111\u1ec3 x\u00e1c nh\u1eadn \u0111\u01a1n h\u00e0ng v\u00e0 li\u00ean l\u1ea1c v\u1edbi b\u1ea1n.<\/span><\/p>\n<p><span style=\"color: #282828;\"><strong>5. Quy T\u1eafc S\u1eed D\u1ee5ng<\/strong><\/span><\/p>\n<p><span style=\"color: #282828;\">B\u1ea1n \u0111\u1ed3ng \u00fd s\u1eed d\u1ee5ng trang web c\u1ee7a ch\u00fang t\u00f4i ch\u1ec9 cho m\u1ee5c \u0111\u00edch h\u1ee3p ph\u00e1p v\u00e0 kh\u00f4ng th\u1ec3 thi\u1ebft l\u00e0 \u0111\u1ec3 g\u00e2y h\u1ea1i, l\u00e0m phi\u1ec1n, ho\u1eb7c x\u00e2m ph\u1ea1m quy \u0111\u1ecbnh ph\u00e1p lu\u1eadt. B\u1ea1n kh\u00f4ng \u0111\u01b0\u1ee3c t\u1ea1o ra ho\u1eb7c ph\u00e1t t\u00e1n c\u00e1c n\u1ed9i dung c\u00f3 th\u1ec3 x\u00e2m ph\u1ea1m quy \u0111\u1ecbnh \u0111\u1ea1o \u0111\u1ee9c ho\u1eb7c ph\u00e1p lu\u1eadt.<\/span><\/p>\n<p><span style=\"color: #282828;\"><strong>6. Quy\u1ec1n v\u00e0 Tr\u00e1ch Nhi\u1ec7m<\/strong><\/span><\/p>\n<p><span style=\"color: #282828;\">Ch\u00fang t\u00f4i gi\u1eef quy\u1ec1n s\u1eeda \u0111\u1ed5i, thay \u0111\u1ed5i ho\u1eb7c h\u1ee7y b\u1ecf b\u1ea5t k\u1ef3 d\u1ecbch v\u1ee5 n\u00e0o m\u00e0 kh\u00f4ng c\u1ea7n b\u00e1o tr\u01b0\u1edbc. B\u1ea1n ch\u1ecbu tr\u00e1ch nhi\u1ec7m v\u1ec1 vi\u1ec7c duy tr\u00ec th\u00f4ng tin t\u00e0i kho\u1ea3n c\u1ee7a m\u00ecnh v\u00e0 b\u1ea1n ph\u1ea3i th\u00f4ng b\u00e1o ngay l\u1eadp t\u1ee9c v\u1ec1 b\u1ea5t k\u1ef3 s\u1ef1 c\u1ed1 b\u1ea3o m\u1eadt n\u00e0o.<\/span><\/p>\n<p><span style=\"color: #282828;\"><strong>7. \u0110i\u1ec1u Ch\u1ec9nh \u0110\u01a1n H\u00e0ng v\u00e0 Thanh To\u00e1n<\/strong><\/span><\/p>\n<p><span style=\"color: #282828;\">M\u1ecdi th\u00f4ng tin v\u1ec1 \u0111\u01a1n h\u00e0ng v\u00e0 thanh to\u00e1n \u0111\u01b0\u1ee3c quy \u0111\u1ecbnh trong ch\u00ednh s\u00e1ch mua s\u1eafm c\u1ee7a ch\u00fang t\u00f4i. Ch\u00fang t\u00f4i gi\u1eef quy\u1ec1n t\u1eeb ch\u1ed1i b\u1ea5t k\u1ef3 \u0111\u01a1n \u0111\u1eb7t h\u00e0ng n\u00e0o v\u00e0 c\u00f3 th\u1ec3 thay \u0111\u1ed5i gi\u00e1 c\u1ea3 m\u00e0 kh\u00f4ng c\u1ea7n th\u00f4ng b\u00e1o tr\u01b0\u1edbc.<\/span><\/p>\n<p><span style=\"color: #282828;\">Ch\u00fang t\u00f4i hi v\u1ecdng r\u1eb1ng b\u1ea1n s\u1ebd c\u00f3 tr\u1ea3i nghi\u1ec7m mua s\u1eafm an to\u00e0n v\u00e0 tho\u1ea3i m\u00e1i tr\u00ean trang web c\u1ee7a ch\u00fang t\u00f4i. N\u1ebfu b\u1ea1n c\u00f3 b\u1ea5t k\u1ef3 c\u00e2u h\u1ecfi ho\u1eb7c \u00fd ki\u1ebfn \u0111\u00f3ng g\u00f3p, h\u00e3y li\u00ean h\u1ec7 v\u1edbi ch\u00fang t\u00f4i qua c\u00e1c ph\u01b0\u01a1ng ti\u1ec7n li\u00ean l\u1ea1c \u0111\u01b0\u1ee3c cung c\u1ea5p tr\u00ean trang web.<\/span><\/p>\n<p><span style=\"color: #282828;\">C\u1ea3m \u01a1n b\u1ea1n \u0111\u00e3 s\u1eed d\u1ee5ng d\u1ecbch v\u1ee5 c\u1ee7a ch\u00fang t\u00f4i!<\/span><\/p>\n\t\t<\/div>\n\t\t\t\t\t<\/div>\n\n\t\n<\/div>\n\t\t<\/div>\n\n\t\t\n<style>\n#section_191325332 {\n  padding-top: 30px;\n  padding-bottom: 30px;\n}\n<\/style>\n\t<\/section>\n\t\n","protected":false},"excerpt":{"rendered":"","protected":false},"author":1,"featured_media":0,"parent":0,"menu_order":0,"comment_status":"closed","ping_status":"closed","template":"","meta":{"om_disable_all_campaigns":false,"_monsterinsights_skip_tracking":false,"_monsterinsights_sitenote_active":false,"_monsterinsights_sitenote_note":"","_monsterinsights_sitenote_category":0,"_uf_show_specific_survey":0,"_uf_disable_surveys":false,"footnotes":""},"class_list":["post-85","page","type-page","status-publish","hentry"],"aioseo_notices":[],"jetpack_sharing_enabled":true,"_links":{"self":[{"href":"https:\/\/lavendiera.com\/index.php\/wp-json\/wp\/v2\/pages\/85","targetHints":{"allow":["GET"]}}],"collection":[{"href":"https:\/\/lavendiera.com\/index.php\/wp-json\/wp\/v2\/pages"}],"about":[{"href":"https:\/\/lavendiera.com\/index.php\/wp-json\/wp\/v2\/types\/page"}],"author":[{"embeddable":true,"href":"https:\/\/lavendiera.com\/index.php\/wp-json\/wp\/v2\/users\/1"}],"replies":[{"embeddable":true,"href":"https:\/\/lavendiera.com\/index.php\/wp-json\/wp\/v2\/comments?post=85"}],"version-history":[{"count":8,"href":"https:\/\/lavendiera.com\/index.php\/wp-json\/wp\/v2\/pages\/85\/revisions"}],"predecessor-version":[{"id":1429,"href":"https:\/\/lavendiera.com\/index.php\/wp-json\/wp\/v2\/pages\/85\/revisions\/1429"}],"wp:attachment":[{"href":"https:\/\/lavendiera.com\/index.php\/wp-json\/wp\/v2\/media?parent=85"}],"curies":[{"name":"wp","href":"https:\/\/api.w.org\/{rel}","templated":true}]}}